{"id":367,"date":"2025-01-14T16:34:34","date_gmt":"2025-01-14T16:34:34","guid":{"rendered":"https:\/\/miserecords.com\/?page_id=367"},"modified":"2025-01-14T17:04:04","modified_gmt":"2025-01-14T17:04:04","slug":"dj-le-dogue","status":"publish","type":"page","link":"https:\/\/miserecords.com\/?page_id=367","title":{"rendered":"DJ LE DOGUE"},"content":{"rendered":"\n<div class=\"wp-block-media-text is-stacked-on-mobile animated backInLeft\" style=\"grid-template-columns:31% auto\"><figure class=\"wp-block-media-text__media\"><img fetchpriority=\"high\" decoding=\"async\" width=\"1024\" height=\"1019\" src=\"https:\/\/miserecords.com\/wp-content\/uploads\/2023\/04\/343320367_1221742105377493_4157974972193426066_n-1024x1019.jpg\" alt=\"\" class=\"wp-image-106 size-full\" srcset=\"https:\/\/miserecords.com\/wp-content\/uploads\/2023\/04\/343320367_1221742105377493_4157974972193426066_n-1024x1019.jpg 1024w, https:\/\/miserecords.com\/wp-content\/uploads\/2023\/04\/343320367_1221742105377493_4157974972193426066_n-300x300.jpg 300w, https:\/\/miserecords.com\/wp-content\/uploads\/2023\/04\/343320367_1221742105377493_4157974972193426066_n-150x150.jpg 150w, https:\/\/miserecords.com\/wp-content\/uploads\/2023\/04\/343320367_1221742105377493_4157974972193426066_n-768x765.jpg 768w, https:\/\/miserecords.com\/wp-content\/uploads\/2023\/04\/343320367_1221742105377493_4157974972193426066_n.jpg 1364w\" sizes=\"(max-width: 1024px) 100vw, 1024px\" \/><\/figure><div class=\"wp-block-media-text__content\">\n<p class=\"has-small-font-size\"><strong>Le Dogue (DJ r\u00e9sident du projet radiophonique Station Station, membre de Cerb\u00e8re, DST et Aven)<\/strong><\/p>\n\n\n\n<p class=\"has-small-font-size\"><strong>R\u00c9SIDENT : LA MECANIQUE ONDULATOIRE<\/strong><\/p>\n\n\n\n<p class=\"has-small-font-size\">Lieux :<br>Festival La Berge, Nickelos Fest, Supersonic, Petit Bain, L\u2019Internationnal,<br>Le Chinois de Montreuil, La Station, Pigalle Country Club, La M\u00e9canique Ondulatoire, Les Nautes, Le Cirque Electrique, Le Motel, Twitch Mis\u00e8Records&#8230;<\/p>\n<\/div><\/div>\n\n\n\n<p class=\"has-midsmall-font-size\">Styles :<\/p>\n\n\n\n<p class=\"has-midsmall-font-size\">&#8211; Psych Rock, Noise Rock, Punk Hardcore, Post Punk &amp; Madchester <\/p>\n\n\n\n<p class=\"has-midsmall-font-size\">&#8211; Indus \/ EBM \/ Cold Wave <a href=\"https:\/\/www.youtube.com\/watch?v=xGSdX433OZ4\">(&amp; B2B w\/Ozimandyas)<\/a><\/p>\n\n\n\n<p class=\"has-midsmall-font-size\">&#8211; Extreme Metal<\/p>\n\n\n\n<p class=\"has-midsmall-font-size\">&#8211; <a href=\"https:\/\/www.youtube.com\/watch?v=rc7_dACqAHc\">Ambient<\/a><\/p>\n\n\n\n<p><\/p>\n","protected":false},"excerpt":{"rendered":"<p>Le Dogue (DJ r\u00e9sident du projet radiophonique Station Station, membre de Cerb\u00e8re, DST et Aven) R\u00c9SIDENT : LA MECANIQUE ONDULATOIRE Lieux :Festival La Berge, Nickelos Fest, Supersonic, Petit Bain, L\u2019Internationnal,Le Chinois de Montreuil, La Station, Pigalle Country Club, La M\u00e9canique Ondulatoire, Les Nautes, Le Cirque Electrique, Le Motel, Twitch Mis\u00e8Records&#8230; Styles : &#8211; Psych Rock, [&hellip;]<\/p>\n","protected":false},"author":1,"featured_media":0,"parent":0,"menu_order":0,"comment_status":"closed","ping_status":"closed","template":"","meta":{"_themeisle_gutenberg_block_has_review":false,"footnotes":""},"class_list":["post-367","page","type-page","status-publish","hentry"],"yoast_head":"<!-- This site is optimized with the Yoast SEO plugin v27.1.1 - https:\/\/yoast.com\/product\/yoast-seo-wordpress\/ -->\n<title>DJ LE DOGUE - Mis\u00e8Records<\/title>\n<meta name=\"robots\" content=\"index, follow, max-snippet:-1, max-image-preview:large, max-video-preview:-1\" \/>\n<link rel=\"canonical\" href=\"https:\/\/miserecords.com\/?page_id=367\" \/>\n<meta property=\"og:locale\" content=\"fr_FR\" \/>\n<meta property=\"og:type\" content=\"article\" \/>\n<meta property=\"og:title\" content=\"DJ LE DOGUE - Mis\u00e8Records\" \/>\n<meta property=\"og:description\" content=\"Le Dogue (DJ r\u00e9sident du projet radiophonique Station Station, membre de Cerb\u00e8re, DST et Aven) R\u00c9SIDENT : LA MECANIQUE ONDULATOIRE Lieux :Festival La Berge, Nickelos Fest, Supersonic, Petit Bain, L\u2019Internationnal,Le Chinois de Montreuil, La Station, Pigalle Country Club, La M\u00e9canique Ondulatoire, Les Nautes, Le Cirque Electrique, Le Motel, Twitch Mis\u00e8Records&#8230; Styles : &#8211; Psych Rock, [&hellip;]\" \/>\n<meta property=\"og:url\" content=\"https:\/\/miserecords.com\/?page_id=367\" \/>\n<meta property=\"og:site_name\" content=\"Mis\u00e8Records\" \/>\n<meta property=\"article:modified_time\" content=\"2025-01-14T17:04:04+00:00\" \/>\n<meta property=\"og:image\" content=\"https:\/\/miserecords.com\/wp-content\/uploads\/2023\/04\/343320367_1221742105377493_4157974972193426066_n.jpg\" \/>\n\t<meta property=\"og:image:width\" content=\"1364\" \/>\n\t<meta property=\"og:image:height\" content=\"1358\" \/>\n\t<meta property=\"og:image:type\" content=\"image\/jpeg\" \/>\n<meta name=\"twitter:card\" content=\"summary_large_image\" \/>\n<meta name=\"twitter:label1\" content=\"Dur\u00e9e de lecture estim\u00e9e\" \/>\n\t<meta name=\"twitter:data1\" content=\"1 minute\" \/>\n<script type=\"application\/ld+json\" class=\"yoast-schema-graph\">{\"@context\":\"https:\/\/schema.org\",\"@graph\":[{\"@type\":\"WebPage\",\"@id\":\"https:\/\/miserecords.com\/?page_id=367\",\"url\":\"https:\/\/miserecords.com\/?page_id=367\",\"name\":\"DJ LE DOGUE - Mis\u00e8Records\",\"isPartOf\":{\"@id\":\"https:\/\/miserecords.com\/#website\"},\"primaryImageOfPage\":{\"@id\":\"https:\/\/miserecords.com\/?page_id=367#primaryimage\"},\"image\":{\"@id\":\"https:\/\/miserecords.com\/?page_id=367#primaryimage\"},\"thumbnailUrl\":\"https:\/\/miserecords.com\/wp-content\/uploads\/2023\/04\/343320367_1221742105377493_4157974972193426066_n-1024x1019.jpg\",\"datePublished\":\"2025-01-14T16:34:34+00:00\",\"dateModified\":\"2025-01-14T17:04:04+00:00\",\"breadcrumb\":{\"@id\":\"https:\/\/miserecords.com\/?page_id=367#breadcrumb\"},\"inLanguage\":\"fr-FR\",\"potentialAction\":[{\"@type\":\"ReadAction\",\"target\":[\"https:\/\/miserecords.com\/?page_id=367\"]}]},{\"@type\":\"ImageObject\",\"inLanguage\":\"fr-FR\",\"@id\":\"https:\/\/miserecords.com\/?page_id=367#primaryimage\",\"url\":\"https:\/\/miserecords.com\/wp-content\/uploads\/2023\/04\/343320367_1221742105377493_4157974972193426066_n.jpg\",\"contentUrl\":\"https:\/\/miserecords.com\/wp-content\/uploads\/2023\/04\/343320367_1221742105377493_4157974972193426066_n.jpg\",\"width\":1364,\"height\":1358},{\"@type\":\"BreadcrumbList\",\"@id\":\"https:\/\/miserecords.com\/?page_id=367#breadcrumb\",\"itemListElement\":[{\"@type\":\"ListItem\",\"position\":1,\"name\":\"Accueil\",\"item\":\"https:\/\/miserecords.com\/\"},{\"@type\":\"ListItem\",\"position\":2,\"name\":\"DJ LE DOGUE\"}]},{\"@type\":\"WebSite\",\"@id\":\"https:\/\/miserecords.com\/#website\",\"url\":\"https:\/\/miserecords.com\/\",\"name\":\"Mis\u00e8Records\",\"description\":\"\",\"potentialAction\":[{\"@type\":\"SearchAction\",\"target\":{\"@type\":\"EntryPoint\",\"urlTemplate\":\"https:\/\/miserecords.com\/?s={search_term_string}\"},\"query-input\":{\"@type\":\"PropertyValueSpecification\",\"valueRequired\":true,\"valueName\":\"search_term_string\"}}],\"inLanguage\":\"fr-FR\"}]}<\/script>\n<!-- \/ Yoast SEO plugin. -->","yoast_head_json":{"title":"DJ LE DOGUE - Mis\u00e8Records","robots":{"index":"index","follow":"follow","max-snippet":"max-snippet:-1","max-image-preview":"max-image-preview:large","max-video-preview":"max-video-preview:-1"},"canonical":"https:\/\/miserecords.com\/?page_id=367","og_locale":"fr_FR","og_type":"article","og_title":"DJ LE DOGUE - Mis\u00e8Records","og_description":"Le Dogue (DJ r\u00e9sident du projet radiophonique Station Station, membre de Cerb\u00e8re, DST et Aven) R\u00c9SIDENT : LA MECANIQUE ONDULATOIRE Lieux :Festival La Berge, Nickelos Fest, Supersonic, Petit Bain, L\u2019Internationnal,Le Chinois de Montreuil, La Station, Pigalle Country Club, La M\u00e9canique Ondulatoire, Les Nautes, Le Cirque Electrique, Le Motel, Twitch Mis\u00e8Records&#8230; Styles : &#8211; Psych Rock, [&hellip;]","og_url":"https:\/\/miserecords.com\/?page_id=367","og_site_name":"Mis\u00e8Records","article_modified_time":"2025-01-14T17:04:04+00:00","og_image":[{"width":1364,"height":1358,"url":"https:\/\/miserecords.com\/wp-content\/uploads\/2023\/04\/343320367_1221742105377493_4157974972193426066_n.jpg","type":"image\/jpeg"}],"twitter_card":"summary_large_image","twitter_misc":{"Dur\u00e9e de lecture estim\u00e9e":"1 minute"},"schema":{"@context":"https:\/\/schema.org","@graph":[{"@type":"WebPage","@id":"https:\/\/miserecords.com\/?page_id=367","url":"https:\/\/miserecords.com\/?page_id=367","name":"DJ LE DOGUE - Mis\u00e8Records","isPartOf":{"@id":"https:\/\/miserecords.com\/#website"},"primaryImageOfPage":{"@id":"https:\/\/miserecords.com\/?page_id=367#primaryimage"},"image":{"@id":"https:\/\/miserecords.com\/?page_id=367#primaryimage"},"thumbnailUrl":"https:\/\/miserecords.com\/wp-content\/uploads\/2023\/04\/343320367_1221742105377493_4157974972193426066_n-1024x1019.jpg","datePublished":"2025-01-14T16:34:34+00:00","dateModified":"2025-01-14T17:04:04+00:00","breadcrumb":{"@id":"https:\/\/miserecords.com\/?page_id=367#breadcrumb"},"inLanguage":"fr-FR","potentialAction":[{"@type":"ReadAction","target":["https:\/\/miserecords.com\/?page_id=367"]}]},{"@type":"ImageObject","inLanguage":"fr-FR","@id":"https:\/\/miserecords.com\/?page_id=367#primaryimage","url":"https:\/\/miserecords.com\/wp-content\/uploads\/2023\/04\/343320367_1221742105377493_4157974972193426066_n.jpg","contentUrl":"https:\/\/miserecords.com\/wp-content\/uploads\/2023\/04\/343320367_1221742105377493_4157974972193426066_n.jpg","width":1364,"height":1358},{"@type":"BreadcrumbList","@id":"https:\/\/miserecords.com\/?page_id=367#breadcrumb","itemListElement":[{"@type":"ListItem","position":1,"name":"Accueil","item":"https:\/\/miserecords.com\/"},{"@type":"ListItem","position":2,"name":"DJ LE DOGUE"}]},{"@type":"WebSite","@id":"https:\/\/miserecords.com\/#website","url":"https:\/\/miserecords.com\/","name":"Mis\u00e8Records","description":"","potentialAction":[{"@type":"SearchAction","target":{"@type":"EntryPoint","urlTemplate":"https:\/\/miserecords.com\/?s={search_term_string}"},"query-input":{"@type":"PropertyValueSpecification","valueRequired":true,"valueName":"search_term_string"}}],"inLanguage":"fr-FR"}]}},"_links":{"self":[{"href":"https:\/\/miserecords.com\/index.php?rest_route=\/wp\/v2\/pages\/367","targetHints":{"allow":["GET"]}}],"collection":[{"href":"https:\/\/miserecords.com\/index.php?rest_route=\/wp\/v2\/pages"}],"about":[{"href":"https:\/\/miserecords.com\/index.php?rest_route=\/wp\/v2\/types\/page"}],"author":[{"embeddable":true,"href":"https:\/\/miserecords.com\/index.php?rest_route=\/wp\/v2\/users\/1"}],"replies":[{"embeddable":true,"href":"https:\/\/miserecords.com\/index.php?rest_route=%2Fwp%2Fv2%2Fcomments&post=367"}],"version-history":[{"count":2,"href":"https:\/\/miserecords.com\/index.php?rest_route=\/wp\/v2\/pages\/367\/revisions"}],"predecessor-version":[{"id":386,"href":"https:\/\/miserecords.com\/index.php?rest_route=\/wp\/v2\/pages\/367\/revisions\/386"}],"wp:attachment":[{"href":"https:\/\/miserecords.com\/index.php?rest_route=%2Fwp%2Fv2%2Fmedia&parent=367"}],"curies":[{"name":"wp","href":"https:\/\/api.w.org\/{rel}","templated":true}]}}