{"id":324,"date":"2025-01-13T15:19:44","date_gmt":"2025-01-13T15:19:44","guid":{"rendered":"https:\/\/miserecords.com\/?page_id=324"},"modified":"2025-02-11T15:27:27","modified_gmt":"2025-02-11T15:27:27","slug":"super-sans-plomb","status":"publish","type":"page","link":"https:\/\/miserecords.com\/?page_id=324","title":{"rendered":"SUPER SANS PLOMB"},"content":{"rendered":"\n<p><em>Zouk P\u00e9trolier de la Mort (avant-garde synth-punk)<\/em><\/p>\n\n\n\n<div class=\"wp-block-media-text is-stacked-on-mobile has-small-font-size\"><figure class=\"wp-block-media-text__media\"><img fetchpriority=\"high\" decoding=\"async\" width=\"1024\" height=\"1024\" src=\"https:\/\/miserecords.com\/wp-content\/uploads\/2023\/04\/ssp-tous-3-1024x1024.jpg\" alt=\"\" class=\"wp-image-73 size-full\" srcset=\"https:\/\/miserecords.com\/wp-content\/uploads\/2023\/04\/ssp-tous-3-1024x1024.jpg 1024w, https:\/\/miserecords.com\/wp-content\/uploads\/2023\/04\/ssp-tous-3-300x300.jpg 300w, https:\/\/miserecords.com\/wp-content\/uploads\/2023\/04\/ssp-tous-3-150x150.jpg 150w, https:\/\/miserecords.com\/wp-content\/uploads\/2023\/04\/ssp-tous-3-768x768.jpg 768w, https:\/\/miserecords.com\/wp-content\/uploads\/2023\/04\/ssp-tous-3-1536x1536.jpg 1536w, https:\/\/miserecords.com\/wp-content\/uploads\/2023\/04\/ssp-tous-3-2048x2048.jpg 2048w\" sizes=\"(max-width: 1024px) 100vw, 1024px\" \/><\/figure><div class=\"wp-block-media-text__content\">\n<p><strong>Lorsque Paul (batterie) joint Mahabdi (claviers) en 2012 pour lui proposer de monter un nouveau groupe ensemble, c\u2019\u00e9tait bien dans l\u2019intention non secr\u00e8te de faire zouker la France et la Na- varre. Mais le zouk, quand on est deux blancs-becs, \u00e9tant un peu dur \u00e0 assumer, le duo s\u2019enticha donc d\u2019Anouar \u00e0 la basse, sa caution groove.<\/strong><\/p>\n\n\n\n<p><strong>MOTEUR, ACTION, UPPERCUT DANS TON FION VOICI VENIR SUPER SANS PLOMB<\/strong><\/p>\n\n\n\n<p>Les mots d\u2019ordre sont donn\u00e9s : salet\u00e9, proximit\u00e9, mazout. Super Sans Plomb pouvait distiller sa musique qualifi\u00e9e de Death Zouk P\u00e9trolier, ou \u00ab Comment amener les gens \u00e0 danser avec nous sur une plage apr\u00e8s une une mar\u00e9e noire \u00bb.<br>Super Sans Plomb \u00e9tait n\u00e9, la suite est d\u00e9j\u00e0 (comme nos MCs) l\u00e9gendaire :<\/p>\n\n\n\n<p>Peu de concerts, un EP et un album (m\u00eame si la rumeur court qu\u2019un prochain album, incluant des featurings de qualit\u00e9 est en cours de production) et un trio qui laisse une amrque ind\u00e9l\u00e9bile sur la sc\u00e8ne DiY parisienne :<br>tout le monde conna\u00eet, m\u00eame celles et ceux qui ne connaisssent pas.<\/p>\n<\/div><\/div>\n\n\n\n<div id=\"wp-block-themeisle-blocks-advanced-columns-1a80ea62\" class=\"wp-block-themeisle-blocks-advanced-columns has-2-columns has-desktop-equal-layout has-tablet-equal-layout has-mobile-collapsedRows-layout has-vertical-unset\"><div class=\"wp-block-themeisle-blocks-advanced-columns-overlay\"><\/div><div class=\"innerblocks-wrap\">\n<div id=\"wp-block-themeisle-blocks-advanced-column-587f809a\" class=\"wp-block-themeisle-blocks-advanced-column\">\n<div id=\"wp-block-themeisle-blocks-advanced-columns-af329bf2\" class=\"wp-block-themeisle-blocks-advanced-columns has-1-columns has-desktop-equal-layout has-tablet-equal-layout has-mobile-equal-layout has-vertical-unset\"><div class=\"wp-block-themeisle-blocks-advanced-columns-overlay\"><\/div><div class=\"innerblocks-wrap\">\n<div id=\"wp-block-themeisle-blocks-advanced-column-6c612a19\" class=\"wp-block-themeisle-blocks-advanced-column\">\n<div class=\"wp-block-media-text has-media-on-the-right is-stacked-on-mobile has-three-color has-text-color has-link-color has-small-font-size wp-elements-59fc06a29b5eb51205445d0af973a413\"><div class=\"wp-block-media-text__content\">\n<p><strong>TA M\u00c8RE C\u2019EST TON P\u00c8RE AUTOMNE 2014<\/strong><\/p>\n\n\n\n<p>L\u2018archi-connu \u00abTA M\u00c8RE C\u2019EST TON P\u00c8RE\u00bb des c\u00e9lebrissimes SUPER SANS PLOMB, sorti en LP limit\u00e9 \u00e0 333 exemplaires en 2014 f\u00eatera bient\u00f4t ses 10 ans et n\u2019a pas pris une ride. Pourquoi ? Car c\u2019est un excellent album tr\u00e8s bien compos\u00e9, mais aussi tr\u00e8s bien enregistr\u00e9 par Camille Jamain et FX Delaby, mais encore avec au chant des featurings classes de MC Laraude, Romain Siergie (Attila Krang, Salo), et Robert Oppenheimer. De toute fa\u00e7on, avec des morceaux comme \u00abTOURNEUR FRAISEUR\u00bb, \u00abBUKKAKE INTERESP\u00c8CE\u00bb ou encore \u00abACCIDENT POST-MORTEM\u00bb :<br>on peut pas se tromper. Un nouvel album est n\u00e9anmoins en cours d\u2019\u00e9criture, histoire de&#8230;<\/p>\n<\/div><figure class=\"wp-block-media-text__media\"><img decoding=\"async\" width=\"288\" height=\"284\" src=\"https:\/\/miserecords.com\/wp-content\/uploads\/2025\/01\/Capture-decran-2025-01-13-a-16.17.59.png\" alt=\"\" class=\"wp-image-325 size-full\"\/><\/figure><\/div>\n<\/div>\n<\/div><\/div>\n<\/div>\n\n\n\n<div id=\"wp-block-themeisle-blocks-advanced-column-a717a6d6\" class=\"wp-block-themeisle-blocks-advanced-column\">\n<div class=\"wp-block-media-text has-media-on-the-right is-stacked-on-mobile has-three-color has-text-color has-link-color has-small-font-size wp-elements-0840a0eb78f6085ebb3cc5df4377cdea\"><div class=\"wp-block-media-text__content\">\n<p><strong>A partag\u00e9 la sc\u00e8ne avec :<\/strong><\/p>\n\n\n\n<p>ZHOL, ZU, ZEUS!, MAIS AUSSI DES GROUPES QUI NE COMMENCENT PAS PAR Z COMME JELLO BIAFRA &amp; THE GUANTANAMO SCHOOL OF MEDICINE, MUSIQUE POST BOURGEOISE, ULTRA ZOOK, CHAOS E.T. SEXUAL, ALUK THODOLO, PRIX LIBRE, DIESEL DUDES, THE WHEAL, NOURITURE, PRINCESSE N\u00c4P\u00c4LM&#8230;<\/p>\n\n\n\n<p><em>Le trio propose un set hyp- notique, compl\u00e8tement ir- r\u00e9el, \u00e9nergique et allum\u00e9. D\u00e9tonnant (&#8230;) la pres- tation g\u00e9n\u00e8re MALGR\u00c9 TOUT l\u2019enthousiasme (&#8230;)<\/em><\/p>\n\n\n\n<p><em>&#8211; La Grossse Radio<\/em><\/p>\n<\/div><figure class=\"wp-block-media-text__media\"><img decoding=\"async\" width=\"540\" height=\"422\" src=\"https:\/\/miserecords.com\/wp-content\/uploads\/2025\/01\/Capture-decran-2025-01-13-a-16.18.29.png\" alt=\"\" class=\"wp-image-326 size-full\" srcset=\"https:\/\/miserecords.com\/wp-content\/uploads\/2025\/01\/Capture-decran-2025-01-13-a-16.18.29.png 540w, https:\/\/miserecords.com\/wp-content\/uploads\/2025\/01\/Capture-decran-2025-01-13-a-16.18.29-300x234.png 300w\" sizes=\"(max-width: 540px) 100vw, 540px\" \/><\/figure><\/div>\n<\/div>\n<\/div><\/div>\n\n\n\n<p class=\"has-text-align-center\"><strong>R\u00e9seaux sociaux : <\/strong><\/p>\n\n\n\n<ul class=\"wp-block-social-links aligncenter has-large-icon-size is-layout-flex wp-block-social-links-is-layout-flex\"><li class=\"wp-social-link wp-social-link-instagram  wp-block-social-link\"><a href=\"https:\/\/www.instagram.com\/supersansplomb_dzp\/\" class=\"wp-block-social-link-anchor\"><svg width=\"24\" height=\"24\" viewBox=\"0 0 24 24\" version=\"1.1\" xmlns=\"http:\/\/www.w3.org\/2000\/svg\" aria-hidden=\"true\" focusable=\"false\"><path d=\"M12,4.622c2.403,0,2.688,0.009,3.637,0.052c0.877,0.04,1.354,0.187,1.671,0.31c0.42,0.163,0.72,0.358,1.035,0.673 c0.315,0.315,0.51,0.615,0.673,1.035c0.123,0.317,0.27,0.794,0.31,1.671c0.043,0.949,0.052,1.234,0.052,3.637 s-0.009,2.688-0.052,3.637c-0.04,0.877-0.187,1.354-0.31,1.671c-0.163,0.42-0.358,0.72-0.673,1.035 c-0.315,0.315-0.615,0.51-1.035,0.673c-0.317,0.123-0.794,0.27-1.671,0.31c-0.949,0.043-1.233,0.052-3.637,0.052 s-2.688-0.009-3.637-0.052c-0.877-0.04-1.354-0.187-1.671-0.31c-0.42-0.163-0.72-0.358-1.035-0.673 c-0.315-0.315-0.51-0.615-0.673-1.035c-0.123-0.317-0.27-0.794-0.31-1.671C4.631,14.688,4.622,14.403,4.622,12 s0.009-2.688,0.052-3.637c0.04-0.877,0.187-1.354,0.31-1.671c0.163-0.42,0.358-0.72,0.673-1.035 c0.315-0.315,0.615-0.51,1.035-0.673c0.317-0.123,0.794-0.27,1.671-0.31C9.312,4.631,9.597,4.622,12,4.622 M12,3 C9.556,3,9.249,3.01,8.289,3.054C7.331,3.098,6.677,3.25,6.105,3.472C5.513,3.702,5.011,4.01,4.511,4.511 c-0.5,0.5-0.808,1.002-1.038,1.594C3.25,6.677,3.098,7.331,3.054,8.289C3.01,9.249,3,9.556,3,12c0,2.444,0.01,2.751,0.054,3.711 c0.044,0.958,0.196,1.612,0.418,2.185c0.23,0.592,0.538,1.094,1.038,1.594c0.5,0.5,1.002,0.808,1.594,1.038 c0.572,0.222,1.227,0.375,2.185,0.418C9.249,20.99,9.556,21,12,21s2.751-0.01,3.711-0.054c0.958-0.044,1.612-0.196,2.185-0.418 c0.592-0.23,1.094-0.538,1.594-1.038c0.5-0.5,0.808-1.002,1.038-1.594c0.222-0.572,0.375-1.227,0.418-2.185 C20.99,14.751,21,14.444,21,12s-0.01-2.751-0.054-3.711c-0.044-0.958-0.196-1.612-0.418-2.185c-0.23-0.592-0.538-1.094-1.038-1.594 c-0.5-0.5-1.002-0.808-1.594-1.038c-0.572-0.222-1.227-0.375-2.185-0.418C14.751,3.01,14.444,3,12,3L12,3z M12,7.378 c-2.552,0-4.622,2.069-4.622,4.622S9.448,16.622,12,16.622s4.622-2.069,4.622-4.622S14.552,7.378,12,7.378z M12,15 c-1.657,0-3-1.343-3-3s1.343-3,3-3s3,1.343,3,3S13.657,15,12,15z M16.804,6.116c-0.596,0-1.08,0.484-1.08,1.08 s0.484,1.08,1.08,1.08c0.596,0,1.08-0.484,1.08-1.08S17.401,6.116,16.804,6.116z\"><\/path><\/svg><span class=\"wp-block-social-link-label screen-reader-text\">Instagram<\/span><\/a><\/li>\n\n<li class=\"wp-social-link wp-social-link-facebook  wp-block-social-link\"><a href=\"https:\/\/www.facebook.com\/ssp.dzp\" class=\"wp-block-social-link-anchor\"><svg width=\"24\" height=\"24\" viewBox=\"0 0 24 24\" version=\"1.1\" xmlns=\"http:\/\/www.w3.org\/2000\/svg\" aria-hidden=\"true\" focusable=\"false\"><path d=\"M12 2C6.5 2 2 6.5 2 12c0 5 3.7 9.1 8.4 9.9v-7H7.9V12h2.5V9.8c0-2.5 1.5-3.9 3.8-3.9 1.1 0 2.2.2 2.2.2v2.5h-1.3c-1.2 0-1.6.8-1.6 1.6V12h2.8l-.4 2.9h-2.3v7C18.3 21.1 22 17 22 12c0-5.5-4.5-10-10-10z\"><\/path><\/svg><span class=\"wp-block-social-link-label screen-reader-text\">Facebook<\/span><\/a><\/li>\n\n<li class=\"wp-social-link wp-social-link-spotify  wp-block-social-link\"><a href=\"https:\/\/open.spotify.com\/intl-fr\/artist\/2IyAX1sj3eCe0z52xhuw61?si=5Qbdx3fDRK2-QKeCL3kM2w&#038;nd=1&#038;dlsi=846108e5fb28470a\" class=\"wp-block-social-link-anchor\"><svg width=\"24\" height=\"24\" viewBox=\"0 0 24 24\" version=\"1.1\" xmlns=\"http:\/\/www.w3.org\/2000\/svg\" aria-hidden=\"true\" focusable=\"false\"><path d=\"M12,2C6.477,2,2,6.477,2,12c0,5.523,4.477,10,10,10c5.523,0,10-4.477,10-10C22,6.477,17.523,2,12,2 M16.586,16.424 c-0.18,0.295-0.563,0.387-0.857,0.207c-2.348-1.435-5.304-1.76-8.785-0.964c-0.335,0.077-0.67-0.133-0.746-0.469 c-0.077-0.335,0.132-0.67,0.469-0.746c3.809-0.871,7.077-0.496,9.713,1.115C16.673,15.746,16.766,16.13,16.586,16.424 M17.81,13.7 c-0.226,0.367-0.706,0.482-1.072,0.257c-2.687-1.652-6.785-2.131-9.965-1.166C6.36,12.917,5.925,12.684,5.8,12.273 C5.675,11.86,5.908,11.425,6.32,11.3c3.632-1.102,8.147-0.568,11.234,1.328C17.92,12.854,18.035,13.335,17.81,13.7 M17.915,10.865 c-3.223-1.914-8.54-2.09-11.618-1.156C5.804,9.859,5.281,9.58,5.131,9.086C4.982,8.591,5.26,8.069,5.755,7.919 c3.532-1.072,9.404-0.865,13.115,1.338c0.445,0.264,0.59,0.838,0.327,1.282C18.933,10.983,18.359,11.129,17.915,10.865\"><\/path><\/svg><span class=\"wp-block-social-link-label screen-reader-text\">Spotify<\/span><\/a><\/li><\/ul>\n\n\n\n<figure class=\"wp-block-embed is-type-rich is-provider-spotify wp-block-embed-spotify wp-embed-aspect-21-9 wp-has-aspect-ratio\"><div class=\"wp-block-embed__wrapper\">\n<iframe title=\"Spotify Embed: SUPER SANS PLOMB\" style=\"border-radius: 12px\" width=\"100%\" height=\"352\" frameborder=\"0\" allowfullscreen allow=\"autoplay; clipboard-write; encrypted-media; fullscreen; picture-in-picture\" loading=\"lazy\" src=\"https:\/\/open.spotify.com\/embed\/artist\/2IyAX1sj3eCe0z52xhuw61?si=5Qbdx3fDRK2-QKeCL3kM2w&#038;nd=1&#038;dlsi=619870e521e942b2&#038;utm_source=oembed\"><\/iframe>\n<\/div><\/figure>\n","protected":false},"excerpt":{"rendered":"<p>Zouk P\u00e9trolier de la Mort (avant-garde synth-punk) Lorsque Paul (batterie) joint Mahabdi (claviers) en 2012 pour lui proposer de monter un nouveau groupe ensemble, c\u2019\u00e9tait bien dans l\u2019intention non secr\u00e8te de faire zouker la France et la Na- varre. Mais le zouk, quand on est deux blancs-becs, \u00e9tant un peu dur \u00e0 assumer, le duo [&hellip;]<\/p>\n","protected":false},"author":1,"featured_media":0,"parent":0,"menu_order":0,"comment_status":"closed","ping_status":"closed","template":"","meta":{"_themeisle_gutenberg_block_has_review":false,"footnotes":""},"class_list":["post-324","page","type-page","status-publish","hentry"],"yoast_head":"<!-- This site is optimized with the Yoast SEO plugin v27.1.1 - https:\/\/yoast.com\/product\/yoast-seo-wordpress\/ -->\n<title>SUPER SANS PLOMB - Mis\u00e8Records<\/title>\n<meta name=\"robots\" content=\"index, follow, max-snippet:-1, max-image-preview:large, max-video-preview:-1\" \/>\n<link rel=\"canonical\" href=\"https:\/\/miserecords.com\/?page_id=324\" \/>\n<meta property=\"og:locale\" content=\"fr_FR\" \/>\n<meta property=\"og:type\" content=\"article\" \/>\n<meta property=\"og:title\" content=\"SUPER SANS PLOMB - Mis\u00e8Records\" \/>\n<meta property=\"og:description\" content=\"Zouk P\u00e9trolier de la Mort (avant-garde synth-punk) Lorsque Paul (batterie) joint Mahabdi (claviers) en 2012 pour lui proposer de monter un nouveau groupe ensemble, c\u2019\u00e9tait bien dans l\u2019intention non secr\u00e8te de faire zouker la France et la Na- varre. Mais le zouk, quand on est deux blancs-becs, \u00e9tant un peu dur \u00e0 assumer, le duo [&hellip;]\" \/>\n<meta property=\"og:url\" content=\"https:\/\/miserecords.com\/?page_id=324\" \/>\n<meta property=\"og:site_name\" content=\"Mis\u00e8Records\" \/>\n<meta property=\"article:modified_time\" content=\"2025-02-11T15:27:27+00:00\" \/>\n<meta property=\"og:image\" content=\"https:\/\/miserecords.com\/wp-content\/uploads\/2023\/04\/ssp-tous-3-scaled.jpg\" \/>\n\t<meta property=\"og:image:width\" content=\"2560\" \/>\n\t<meta property=\"og:image:height\" content=\"2560\" \/>\n\t<meta property=\"og:image:type\" content=\"image\/jpeg\" \/>\n<meta name=\"twitter:card\" content=\"summary_large_image\" \/>\n<meta name=\"twitter:label1\" content=\"Dur\u00e9e de lecture estim\u00e9e\" \/>\n\t<meta name=\"twitter:data1\" content=\"3 minutes\" \/>\n<script type=\"application\/ld+json\" class=\"yoast-schema-graph\">{\"@context\":\"https:\/\/schema.org\",\"@graph\":[{\"@type\":\"WebPage\",\"@id\":\"https:\/\/miserecords.com\/?page_id=324\",\"url\":\"https:\/\/miserecords.com\/?page_id=324\",\"name\":\"SUPER SANS PLOMB - Mis\u00e8Records\",\"isPartOf\":{\"@id\":\"https:\/\/miserecords.com\/#website\"},\"primaryImageOfPage\":{\"@id\":\"https:\/\/miserecords.com\/?page_id=324#primaryimage\"},\"image\":{\"@id\":\"https:\/\/miserecords.com\/?page_id=324#primaryimage\"},\"thumbnailUrl\":\"https:\/\/miserecords.com\/wp-content\/uploads\/2023\/04\/ssp-tous-3-1024x1024.jpg\",\"datePublished\":\"2025-01-13T15:19:44+00:00\",\"dateModified\":\"2025-02-11T15:27:27+00:00\",\"breadcrumb\":{\"@id\":\"https:\/\/miserecords.com\/?page_id=324#breadcrumb\"},\"inLanguage\":\"fr-FR\",\"potentialAction\":[{\"@type\":\"ReadAction\",\"target\":[\"https:\/\/miserecords.com\/?page_id=324\"]}]},{\"@type\":\"ImageObject\",\"inLanguage\":\"fr-FR\",\"@id\":\"https:\/\/miserecords.com\/?page_id=324#primaryimage\",\"url\":\"https:\/\/miserecords.com\/wp-content\/uploads\/2023\/04\/ssp-tous-3-scaled.jpg\",\"contentUrl\":\"https:\/\/miserecords.com\/wp-content\/uploads\/2023\/04\/ssp-tous-3-scaled.jpg\",\"width\":2560,\"height\":2560},{\"@type\":\"BreadcrumbList\",\"@id\":\"https:\/\/miserecords.com\/?page_id=324#breadcrumb\",\"itemListElement\":[{\"@type\":\"ListItem\",\"position\":1,\"name\":\"Accueil\",\"item\":\"https:\/\/miserecords.com\/\"},{\"@type\":\"ListItem\",\"position\":2,\"name\":\"SUPER SANS PLOMB\"}]},{\"@type\":\"WebSite\",\"@id\":\"https:\/\/miserecords.com\/#website\",\"url\":\"https:\/\/miserecords.com\/\",\"name\":\"Mis\u00e8Records\",\"description\":\"\",\"potentialAction\":[{\"@type\":\"SearchAction\",\"target\":{\"@type\":\"EntryPoint\",\"urlTemplate\":\"https:\/\/miserecords.com\/?s={search_term_string}\"},\"query-input\":{\"@type\":\"PropertyValueSpecification\",\"valueRequired\":true,\"valueName\":\"search_term_string\"}}],\"inLanguage\":\"fr-FR\"}]}<\/script>\n<!-- \/ Yoast SEO plugin. -->","yoast_head_json":{"title":"SUPER SANS PLOMB - Mis\u00e8Records","robots":{"index":"index","follow":"follow","max-snippet":"max-snippet:-1","max-image-preview":"max-image-preview:large","max-video-preview":"max-video-preview:-1"},"canonical":"https:\/\/miserecords.com\/?page_id=324","og_locale":"fr_FR","og_type":"article","og_title":"SUPER SANS PLOMB - Mis\u00e8Records","og_description":"Zouk P\u00e9trolier de la Mort (avant-garde synth-punk) Lorsque Paul (batterie) joint Mahabdi (claviers) en 2012 pour lui proposer de monter un nouveau groupe ensemble, c\u2019\u00e9tait bien dans l\u2019intention non secr\u00e8te de faire zouker la France et la Na- varre. Mais le zouk, quand on est deux blancs-becs, \u00e9tant un peu dur \u00e0 assumer, le duo [&hellip;]","og_url":"https:\/\/miserecords.com\/?page_id=324","og_site_name":"Mis\u00e8Records","article_modified_time":"2025-02-11T15:27:27+00:00","og_image":[{"width":2560,"height":2560,"url":"https:\/\/miserecords.com\/wp-content\/uploads\/2023\/04\/ssp-tous-3-scaled.jpg","type":"image\/jpeg"}],"twitter_card":"summary_large_image","twitter_misc":{"Dur\u00e9e de lecture estim\u00e9e":"3 minutes"},"schema":{"@context":"https:\/\/schema.org","@graph":[{"@type":"WebPage","@id":"https:\/\/miserecords.com\/?page_id=324","url":"https:\/\/miserecords.com\/?page_id=324","name":"SUPER SANS PLOMB - Mis\u00e8Records","isPartOf":{"@id":"https:\/\/miserecords.com\/#website"},"primaryImageOfPage":{"@id":"https:\/\/miserecords.com\/?page_id=324#primaryimage"},"image":{"@id":"https:\/\/miserecords.com\/?page_id=324#primaryimage"},"thumbnailUrl":"https:\/\/miserecords.com\/wp-content\/uploads\/2023\/04\/ssp-tous-3-1024x1024.jpg","datePublished":"2025-01-13T15:19:44+00:00","dateModified":"2025-02-11T15:27:27+00:00","breadcrumb":{"@id":"https:\/\/miserecords.com\/?page_id=324#breadcrumb"},"inLanguage":"fr-FR","potentialAction":[{"@type":"ReadAction","target":["https:\/\/miserecords.com\/?page_id=324"]}]},{"@type":"ImageObject","inLanguage":"fr-FR","@id":"https:\/\/miserecords.com\/?page_id=324#primaryimage","url":"https:\/\/miserecords.com\/wp-content\/uploads\/2023\/04\/ssp-tous-3-scaled.jpg","contentUrl":"https:\/\/miserecords.com\/wp-content\/uploads\/2023\/04\/ssp-tous-3-scaled.jpg","width":2560,"height":2560},{"@type":"BreadcrumbList","@id":"https:\/\/miserecords.com\/?page_id=324#breadcrumb","itemListElement":[{"@type":"ListItem","position":1,"name":"Accueil","item":"https:\/\/miserecords.com\/"},{"@type":"ListItem","position":2,"name":"SUPER SANS PLOMB"}]},{"@type":"WebSite","@id":"https:\/\/miserecords.com\/#website","url":"https:\/\/miserecords.com\/","name":"Mis\u00e8Records","description":"","potentialAction":[{"@type":"SearchAction","target":{"@type":"EntryPoint","urlTemplate":"https:\/\/miserecords.com\/?s={search_term_string}"},"query-input":{"@type":"PropertyValueSpecification","valueRequired":true,"valueName":"search_term_string"}}],"inLanguage":"fr-FR"}]}},"_links":{"self":[{"href":"https:\/\/miserecords.com\/index.php?rest_route=\/wp\/v2\/pages\/324","targetHints":{"allow":["GET"]}}],"collection":[{"href":"https:\/\/miserecords.com\/index.php?rest_route=\/wp\/v2\/pages"}],"about":[{"href":"https:\/\/miserecords.com\/index.php?rest_route=\/wp\/v2\/types\/page"}],"author":[{"embeddable":true,"href":"https:\/\/miserecords.com\/index.php?rest_route=\/wp\/v2\/users\/1"}],"replies":[{"embeddable":true,"href":"https:\/\/miserecords.com\/index.php?rest_route=%2Fwp%2Fv2%2Fcomments&post=324"}],"version-history":[{"count":2,"href":"https:\/\/miserecords.com\/index.php?rest_route=\/wp\/v2\/pages\/324\/revisions"}],"predecessor-version":[{"id":480,"href":"https:\/\/miserecords.com\/index.php?rest_route=\/wp\/v2\/pages\/324\/revisions\/480"}],"wp:attachment":[{"href":"https:\/\/miserecords.com\/index.php?rest_route=%2Fwp%2Fv2%2Fmedia&parent=324"}],"curies":[{"name":"wp","href":"https:\/\/api.w.org\/{rel}","templated":true}]}}