{"id":286,"date":"2025-01-13T14:42:45","date_gmt":"2025-01-13T14:42:45","guid":{"rendered":"https:\/\/miserecords.com\/?page_id=286"},"modified":"2025-11-07T16:29:06","modified_gmt":"2025-11-07T16:29:06","slug":"musique-post-bourgeoise","status":"publish","type":"page","link":"https:\/\/miserecords.com\/?page_id=286","title":{"rendered":"Musique Post Bourgeoise"},"content":{"rendered":"\n<p class=\"animated backInDown\">Musique Renseign\u00e9e ( electro \u00e0 textes ) <\/p>\n\n\n\n<div class=\"wp-block-media-text is-stacked-on-mobile\"><figure class=\"wp-block-media-text__media\"><img fetchpriority=\"high\" decoding=\"async\" width=\"618\" height=\"574\" src=\"https:\/\/miserecords.com\/wp-content\/uploads\/2025\/01\/Capture-decran-2025-01-13-a-15.29.07.png\" alt=\"\" class=\"wp-image-287 size-full\" srcset=\"https:\/\/miserecords.com\/wp-content\/uploads\/2025\/01\/Capture-decran-2025-01-13-a-15.29.07.png 618w, https:\/\/miserecords.com\/wp-content\/uploads\/2025\/01\/Capture-decran-2025-01-13-a-15.29.07-300x279.png 300w\" sizes=\"(max-width: 618px) 100vw, 618px\" \/><\/figure><div class=\"wp-block-media-text__content\">\n<p class=\"animated backInRight\"><strong>MUSIQUE POST BOURGEOISE N\u2019EST PAS UN GROUPE : C\u2019EST UN GROUPE<\/strong><\/p>\n\n\n\n<p class=\"animated backInLeft has-small-font-size\"><strong>Soud\u00e9 par l\u2019acte fondateur de leur premier opus, le Disque Jaune, en 2010, d\u2019abord en trio avec le performeur Constantin Leu, ils se produisent d\u2019abord dans des centres et galeries d\u2019art. Suite \u00e0 un doute, Musique Post Bourgeoise devient avec Vincent Robischung un duo, se concentrant sur la musique et les textes. C\u2019est maintenant Alex D. Mahabdi qui joue les compositions sur sc\u00e8ne avec Olivier Urman, Vincent restant \u00e0 la programmation des morceaux.<\/strong><\/p>\n\n\n\n<p class=\"animated backInRight has-small-font-size\">Depuis lors, \u00e9tant moins nombreux et encombrants sur sc\u00e8ne, ils ont d\u00e9cid\u00e9 de s\u2019attaquer \u00e0 de plus amples espaces sc\u00e9niques afin de maximiser le vide les s\u00e9parant d\u2019eux-m\u00eames, tout en pr\u00e9parant leur nouvel opus \u201cMesse des Morts pour Agnostique\u201d, et la sortie prochaine d\u2019un EP de reprises de leurs pr\u00e9c\u00e9dents titres par des invit\u00e9s proches du groupe tels que Marie Klock, James Darle ou Infecticide.<\/p>\n<\/div><\/div>\n\n\n\n<div id=\"wp-block-themeisle-blocks-advanced-columns-0180d508\" class=\"wp-block-themeisle-blocks-advanced-columns has-2-columns has-desktop-equal-layout has-tablet-equal-layout has-mobile-collapsedRows-layout has-vertical-unset\"><div class=\"wp-block-themeisle-blocks-advanced-columns-overlay\"><\/div><div class=\"innerblocks-wrap\">\n<div id=\"wp-block-themeisle-blocks-advanced-column-c2555323\" class=\"wp-block-themeisle-blocks-advanced-column\">\n<div class=\"wp-block-media-text has-media-on-the-right is-stacked-on-mobile animated backInRight has-three-color has-text-color has-background has-link-color wp-elements-c481bd7c3ec6497a45375edaabfc1471\" style=\"background-color:#cf2d2d00;grid-template-columns:auto 38%\"><div class=\"wp-block-media-text__content\">\n<p class=\"animated backInLeft\"><strong>LA LIMITE HIVER 2021<\/strong><\/p>\n\n\n\n<p class=\"animated backInRight has-small-font-size\"><em>\u00abAu del\u00e0 du trognon se trouve le chemin convoit\u00e9, la puissance de l\u2019action r\u00e9solue : \u00e9plucher des pommes quand il n\u2019y en a plus\u00bb<br><\/em>\u00abQui\u00bb, \u00abLa Pente\u00bb, \u00abLa Limite\u00bb, \u00abLe Destin\u00bb : 4 titres, 4 obus contre le temps, et contre soi-m\u00eame. Aboutissement du virage electro entam\u00e9 avec l\u2019EP Electrack, l\u2019EP \u00abLa Limite\u00bb destine le groupe \u00e0 des horizons plus dansants, tout en pavant le chemin vers le prochain album, La Messe des Morts pour Agnostiques, qui synth\u00e9tisera les recherches musicales de Musique Post Bourgeoise dans une grande pur\u00e9e, celle de la maturit\u00e9 (2024-2025)<\/p>\n<\/div><figure class=\"wp-block-media-text__media\"><img decoding=\"async\" width=\"290\" height=\"286\" src=\"https:\/\/miserecords.com\/wp-content\/uploads\/2025\/01\/Capture-decran-2025-01-13-a-15.32.45.png\" alt=\"\" class=\"wp-image-288 size-full\"\/><\/figure><\/div>\n<\/div>\n\n\n\n<div id=\"wp-block-themeisle-blocks-advanced-column-932198b6\" class=\"wp-block-themeisle-blocks-advanced-column\">\n<div id=\"wp-block-themeisle-blocks-advanced-columns-45e1d29e\" class=\"wp-block-themeisle-blocks-advanced-columns has-1-columns has-desktop-equal-layout has-tablet-equal-layout has-mobile-equal-layout has-vertical-unset\"><div class=\"wp-block-themeisle-blocks-advanced-columns-overlay\"><\/div><div class=\"innerblocks-wrap\">\n<div id=\"wp-block-themeisle-blocks-advanced-column-df50e17e\" class=\"wp-block-themeisle-blocks-advanced-column\">\n<div class=\"wp-block-media-text has-media-on-the-right is-stacked-on-mobile animated backInLeft has-three-color has-text-color has-background has-link-color wp-elements-b587d692eac7b6b2240a8f71b80b4a83\" style=\"background-color:#ffbf0000;grid-template-columns:auto 36%\"><div class=\"wp-block-media-text__content\">\n<p class=\"has-small-font-size\"><strong>A partag\u00e9 la sc\u00e8ne avec :<\/strong><\/p>\n\n\n\n<p class=\"has-small-font-size\">SALUT C\u2019EST COOL, JACQUES, INFECTICIDE, AVALANCHE KAITO, GARG\u00c4NTUA, ALAIN DAMASIO, TENTATIVE, PRINCESSE N\u00c4P\u00c4LM, BLIND DELON&#8230; dans des lieux tels que LA MACHINE DU MOULIN ROUGE, AUX BAINS, AU TRIANON, \u00c0 LA MAROQUINERIE, AU PETIT BAIN, AU SAL\u00d2, AUX CAVES ST SABIN, AU LIEU UNIQUE, AU ROCKERILL, \u00c0 LA COOP\u00c9RATIVE DE MAI, AU BATEAU IVRE, \u00c0 L\u2019A\u00c9RONEF, \u00c0 L\u2019ASTROLABE, AUX FESTIVALS RESTONS S\u00c9RIEUX, LA FERME ELECTRIQUE, LE R\u00caVE DU LAC&#8230;<\/p>\n\n\n\n<p class=\"has-small-font-size\"><em>Olivier Urman fracture la logique, le sens com- mun, les id\u00e9es toutes faites, et fabrique du contre- sens tr\u00e8s sens\u00e9 &#8211; Lib\u00e9ration<\/em><br><em>Avec \u00abQui\u00bb, Musique Post Bourgeoise arrose en punchlines et encule le rap s\u00e9v\u00e8re &#8211; Gonza\u00ef<\/em><\/p>\n<\/div><figure class=\"wp-block-media-text__media\"><img decoding=\"async\" width=\"538\" height=\"420\" src=\"https:\/\/miserecords.com\/wp-content\/uploads\/2025\/01\/Capture-decran-2025-01-13-a-15.34.17.png\" alt=\"\" class=\"wp-image-289 size-full\" srcset=\"https:\/\/miserecords.com\/wp-content\/uploads\/2025\/01\/Capture-decran-2025-01-13-a-15.34.17.png 538w, https:\/\/miserecords.com\/wp-content\/uploads\/2025\/01\/Capture-decran-2025-01-13-a-15.34.17-300x234.png 300w\" sizes=\"(max-width: 538px) 100vw, 538px\" \/><\/figure><\/div>\n<\/div>\n<\/div><\/div>\n<\/div>\n<\/div><\/div>\n\n\n\n<figure class=\"wp-block-embed is-type-rich is-provider-spotify wp-block-embed-spotify wp-embed-aspect-21-9 wp-has-aspect-ratio animated fadeIn slow\"><div class=\"wp-block-embed__wrapper\">\n<iframe title=\"Spotify Embed: Musique Post-Bourgeoise\" style=\"border-radius: 12px\" width=\"100%\" height=\"352\" frameborder=\"0\" allowfullscreen allow=\"autoplay; clipboard-write; encrypted-media; fullscreen; picture-in-picture\" loading=\"lazy\" src=\"https:\/\/open.spotify.com\/embed\/artist\/4YfbcXR9k99nQKCpBljNpy?si=uy8bpyx_RrqDCq06hqPgqg&#038;nd=1&#038;dlsi=56ffea54b0c4418f&#038;utm_source=oembed\"><\/iframe>\n<\/div><\/figure>\n","protected":false},"excerpt":{"rendered":"<p>Musique Renseign\u00e9e ( electro \u00e0 textes ) MUSIQUE POST BOURGEOISE N\u2019EST PAS UN GROUPE : C\u2019EST UN GROUPE Soud\u00e9 par l\u2019acte fondateur de leur premier opus, le Disque Jaune, en 2010, d\u2019abord en trio avec le performeur Constantin Leu, ils se produisent d\u2019abord dans des centres et galeries d\u2019art. Suite \u00e0 un doute, Musique Post [&hellip;]<\/p>\n","protected":false},"author":1,"featured_media":0,"parent":0,"menu_order":0,"comment_status":"closed","ping_status":"closed","template":"","meta":{"_themeisle_gutenberg_block_has_review":false,"footnotes":""},"class_list":["post-286","page","type-page","status-publish","hentry"],"yoast_head":"<!-- This site is optimized with the Yoast SEO plugin v27.1.1 - https:\/\/yoast.com\/product\/yoast-seo-wordpress\/ -->\n<title>Musique Post Bourgeoise - Mis\u00e8Records<\/title>\n<meta name=\"robots\" content=\"index, follow, max-snippet:-1, max-image-preview:large, max-video-preview:-1\" \/>\n<link rel=\"canonical\" href=\"https:\/\/miserecords.com\/?page_id=286\" \/>\n<meta property=\"og:locale\" content=\"fr_FR\" \/>\n<meta property=\"og:type\" content=\"article\" \/>\n<meta property=\"og:title\" content=\"Musique Post Bourgeoise - Mis\u00e8Records\" \/>\n<meta property=\"og:description\" content=\"Musique Renseign\u00e9e ( electro \u00e0 textes ) MUSIQUE POST BOURGEOISE N\u2019EST PAS UN GROUPE : C\u2019EST UN GROUPE Soud\u00e9 par l\u2019acte fondateur de leur premier opus, le Disque Jaune, en 2010, d\u2019abord en trio avec le performeur Constantin Leu, ils se produisent d\u2019abord dans des centres et galeries d\u2019art. Suite \u00e0 un doute, Musique Post [&hellip;]\" \/>\n<meta property=\"og:url\" content=\"https:\/\/miserecords.com\/?page_id=286\" \/>\n<meta property=\"og:site_name\" content=\"Mis\u00e8Records\" \/>\n<meta property=\"article:modified_time\" content=\"2025-11-07T16:29:06+00:00\" \/>\n<meta property=\"og:image\" content=\"https:\/\/miserecords.com\/wp-content\/uploads\/2025\/01\/Capture-decran-2025-01-13-a-15.29.07.png\" \/>\n\t<meta property=\"og:image:width\" content=\"618\" \/>\n\t<meta property=\"og:image:height\" content=\"574\" \/>\n\t<meta property=\"og:image:type\" content=\"image\/png\" \/>\n<meta name=\"twitter:card\" content=\"summary_large_image\" \/>\n<meta name=\"twitter:label1\" content=\"Dur\u00e9e de lecture estim\u00e9e\" \/>\n\t<meta name=\"twitter:data1\" content=\"3 minutes\" \/>\n<script type=\"application\/ld+json\" class=\"yoast-schema-graph\">{\"@context\":\"https:\/\/schema.org\",\"@graph\":[{\"@type\":\"WebPage\",\"@id\":\"https:\/\/miserecords.com\/?page_id=286\",\"url\":\"https:\/\/miserecords.com\/?page_id=286\",\"name\":\"Musique Post Bourgeoise - Mis\u00e8Records\",\"isPartOf\":{\"@id\":\"https:\/\/miserecords.com\/#website\"},\"primaryImageOfPage\":{\"@id\":\"https:\/\/miserecords.com\/?page_id=286#primaryimage\"},\"image\":{\"@id\":\"https:\/\/miserecords.com\/?page_id=286#primaryimage\"},\"thumbnailUrl\":\"https:\/\/miserecords.com\/wp-content\/uploads\/2025\/01\/Capture-decran-2025-01-13-a-15.29.07.png\",\"datePublished\":\"2025-01-13T14:42:45+00:00\",\"dateModified\":\"2025-11-07T16:29:06+00:00\",\"breadcrumb\":{\"@id\":\"https:\/\/miserecords.com\/?page_id=286#breadcrumb\"},\"inLanguage\":\"fr-FR\",\"potentialAction\":[{\"@type\":\"ReadAction\",\"target\":[\"https:\/\/miserecords.com\/?page_id=286\"]}]},{\"@type\":\"ImageObject\",\"inLanguage\":\"fr-FR\",\"@id\":\"https:\/\/miserecords.com\/?page_id=286#primaryimage\",\"url\":\"https:\/\/miserecords.com\/wp-content\/uploads\/2025\/01\/Capture-decran-2025-01-13-a-15.29.07.png\",\"contentUrl\":\"https:\/\/miserecords.com\/wp-content\/uploads\/2025\/01\/Capture-decran-2025-01-13-a-15.29.07.png\",\"width\":618,\"height\":574},{\"@type\":\"BreadcrumbList\",\"@id\":\"https:\/\/miserecords.com\/?page_id=286#breadcrumb\",\"itemListElement\":[{\"@type\":\"ListItem\",\"position\":1,\"name\":\"Accueil\",\"item\":\"https:\/\/miserecords.com\/\"},{\"@type\":\"ListItem\",\"position\":2,\"name\":\"Musique Post Bourgeoise\"}]},{\"@type\":\"WebSite\",\"@id\":\"https:\/\/miserecords.com\/#website\",\"url\":\"https:\/\/miserecords.com\/\",\"name\":\"Mis\u00e8Records\",\"description\":\"\",\"potentialAction\":[{\"@type\":\"SearchAction\",\"target\":{\"@type\":\"EntryPoint\",\"urlTemplate\":\"https:\/\/miserecords.com\/?s={search_term_string}\"},\"query-input\":{\"@type\":\"PropertyValueSpecification\",\"valueRequired\":true,\"valueName\":\"search_term_string\"}}],\"inLanguage\":\"fr-FR\"}]}<\/script>\n<!-- \/ Yoast SEO plugin. -->","yoast_head_json":{"title":"Musique Post Bourgeoise - Mis\u00e8Records","robots":{"index":"index","follow":"follow","max-snippet":"max-snippet:-1","max-image-preview":"max-image-preview:large","max-video-preview":"max-video-preview:-1"},"canonical":"https:\/\/miserecords.com\/?page_id=286","og_locale":"fr_FR","og_type":"article","og_title":"Musique Post Bourgeoise - Mis\u00e8Records","og_description":"Musique Renseign\u00e9e ( electro \u00e0 textes ) MUSIQUE POST BOURGEOISE N\u2019EST PAS UN GROUPE : C\u2019EST UN GROUPE Soud\u00e9 par l\u2019acte fondateur de leur premier opus, le Disque Jaune, en 2010, d\u2019abord en trio avec le performeur Constantin Leu, ils se produisent d\u2019abord dans des centres et galeries d\u2019art. Suite \u00e0 un doute, Musique Post [&hellip;]","og_url":"https:\/\/miserecords.com\/?page_id=286","og_site_name":"Mis\u00e8Records","article_modified_time":"2025-11-07T16:29:06+00:00","og_image":[{"width":618,"height":574,"url":"https:\/\/miserecords.com\/wp-content\/uploads\/2025\/01\/Capture-decran-2025-01-13-a-15.29.07.png","type":"image\/png"}],"twitter_card":"summary_large_image","twitter_misc":{"Dur\u00e9e de lecture estim\u00e9e":"3 minutes"},"schema":{"@context":"https:\/\/schema.org","@graph":[{"@type":"WebPage","@id":"https:\/\/miserecords.com\/?page_id=286","url":"https:\/\/miserecords.com\/?page_id=286","name":"Musique Post Bourgeoise - Mis\u00e8Records","isPartOf":{"@id":"https:\/\/miserecords.com\/#website"},"primaryImageOfPage":{"@id":"https:\/\/miserecords.com\/?page_id=286#primaryimage"},"image":{"@id":"https:\/\/miserecords.com\/?page_id=286#primaryimage"},"thumbnailUrl":"https:\/\/miserecords.com\/wp-content\/uploads\/2025\/01\/Capture-decran-2025-01-13-a-15.29.07.png","datePublished":"2025-01-13T14:42:45+00:00","dateModified":"2025-11-07T16:29:06+00:00","breadcrumb":{"@id":"https:\/\/miserecords.com\/?page_id=286#breadcrumb"},"inLanguage":"fr-FR","potentialAction":[{"@type":"ReadAction","target":["https:\/\/miserecords.com\/?page_id=286"]}]},{"@type":"ImageObject","inLanguage":"fr-FR","@id":"https:\/\/miserecords.com\/?page_id=286#primaryimage","url":"https:\/\/miserecords.com\/wp-content\/uploads\/2025\/01\/Capture-decran-2025-01-13-a-15.29.07.png","contentUrl":"https:\/\/miserecords.com\/wp-content\/uploads\/2025\/01\/Capture-decran-2025-01-13-a-15.29.07.png","width":618,"height":574},{"@type":"BreadcrumbList","@id":"https:\/\/miserecords.com\/?page_id=286#breadcrumb","itemListElement":[{"@type":"ListItem","position":1,"name":"Accueil","item":"https:\/\/miserecords.com\/"},{"@type":"ListItem","position":2,"name":"Musique Post Bourgeoise"}]},{"@type":"WebSite","@id":"https:\/\/miserecords.com\/#website","url":"https:\/\/miserecords.com\/","name":"Mis\u00e8Records","description":"","potentialAction":[{"@type":"SearchAction","target":{"@type":"EntryPoint","urlTemplate":"https:\/\/miserecords.com\/?s={search_term_string}"},"query-input":{"@type":"PropertyValueSpecification","valueRequired":true,"valueName":"search_term_string"}}],"inLanguage":"fr-FR"}]}},"_links":{"self":[{"href":"https:\/\/miserecords.com\/index.php?rest_route=\/wp\/v2\/pages\/286","targetHints":{"allow":["GET"]}}],"collection":[{"href":"https:\/\/miserecords.com\/index.php?rest_route=\/wp\/v2\/pages"}],"about":[{"href":"https:\/\/miserecords.com\/index.php?rest_route=\/wp\/v2\/types\/page"}],"author":[{"embeddable":true,"href":"https:\/\/miserecords.com\/index.php?rest_route=\/wp\/v2\/users\/1"}],"replies":[{"embeddable":true,"href":"https:\/\/miserecords.com\/index.php?rest_route=%2Fwp%2Fv2%2Fcomments&post=286"}],"version-history":[{"count":5,"href":"https:\/\/miserecords.com\/index.php?rest_route=\/wp\/v2\/pages\/286\/revisions"}],"predecessor-version":[{"id":379,"href":"https:\/\/miserecords.com\/index.php?rest_route=\/wp\/v2\/pages\/286\/revisions\/379"}],"wp:attachment":[{"href":"https:\/\/miserecords.com\/index.php?rest_route=%2Fwp%2Fv2%2Fmedia&parent=286"}],"curies":[{"name":"wp","href":"https:\/\/api.w.org\/{rel}","templated":true}]}}